[INFO] fetching crate ginepro 0.6.0...
[INFO] checking ginepro-0.6.0 against master#e6e4f7ed1589e03bc2f6c5931c1a72e7947e8682 for beta-170-4
[INFO] extracting crate ginepro 0.6.0 into /workspace/builds/worker-0-tc2/source
[INFO] validating manifest of crates.io crate ginepro 0.6.0 on toolchain e6e4f7ed1589e03bc2f6c5931c1a72e7947e8682
[INFO] running `Command { std: CARGO_HOME="/workspace/cargo-home" RUSTUP_HOME="/workspace/rustup-home" "/workspace/cargo-home/bin/cargo" "+e6e4f7ed1589e03bc2f6c5931c1a72e7947e8682" "metadata" "--manifest-path" "Cargo.toml" "--no-deps", kill_on_drop: false }`
[INFO] started tweaking crates.io crate ginepro 0.6.0
[INFO] finished tweaking crates.io crate ginepro 0.6.0
[INFO] tweaked toml for crates.io crate ginepro 0.6.0 written to /workspace/builds/worker-0-tc2/source/Cargo.toml
[INFO] crate crates.io crate ginepro 0.6.0 already has a lockfile, it will not be regenerated
[INFO] running `Command { std: CARGO_HOME="/workspace/cargo-home" RUSTUP_HOME="/workspace/rustup-home" "/workspace/cargo-home/bin/cargo" "+e6e4f7ed1589e03bc2f6c5931c1a72e7947e8682" "fetch" "--manifest-path" "Cargo.toml", kill_on_drop: false }`
[INFO] [stderr]     Blocking waiting for file lock on package cache
[INFO] running `Command { std: "docker" "create" "-v" "/var/lib/crater-agent-workspace/builds/worker-0-tc2/target:/opt/rustwide/target:rw,Z" "-v" "/var/lib/crater-agent-workspace/builds/worker-0-tc2/source:/opt/rustwide/workdir:ro,Z" "-v" "/var/lib/crater-agent-workspace/cargo-home:/opt/rustwide/cargo-home:ro,Z" "-v" "/var/lib/crater-agent-workspace/rustup-home:/opt/rustwide/rustup-home:ro,Z" "-e" "SOURCE_DIR=/opt/rustwide/workdir" "-e" "CARGO_TARGET_DIR=/opt/rustwide/target" "-e" "CARGO_HOME=/opt/rustwide/cargo-home" "-e" "RUSTUP_HOME=/opt/rustwide/rustup-home" "-w" "/opt/rustwide/workdir" "-m" "1610612736" "--user" "0:0" "--network" "none" "ghcr.io/rust-lang/crates-build-env/linux@sha256:19e73879b68f455e41552ea35293514db52ea292d993f571636dbffedb77a1ee" "/opt/rustwide/cargo-home/bin/cargo" "+e6e4f7ed1589e03bc2f6c5931c1a72e7947e8682" "metadata" "--no-deps" "--format-version=1", kill_on_drop: false }`
[INFO] [stdout] bbb67c1a525ca314e2d54d7ad2a830225041a49a23913d436c344d25b25b42be
[INFO] running `Command { std: "docker" "start" "-a" "bbb67c1a525ca314e2d54d7ad2a830225041a49a23913d436c344d25b25b42be", kill_on_drop: false }`
[INFO] running `Command { std: "docker" "inspect" "bbb67c1a525ca314e2d54d7ad2a830225041a49a23913d436c344d25b25b42be", kill_on_drop: false }`
[INFO] running `Command { std: "docker" "rm" "-f" "bbb67c1a525ca314e2d54d7ad2a830225041a49a23913d436c344d25b25b42be", kill_on_drop: false }`
[INFO] [stdout] bbb67c1a525ca314e2d54d7ad2a830225041a49a23913d436c344d25b25b42be
[INFO] running `Command { std: "docker" "create" "-v" "/var/lib/crater-agent-workspace/builds/worker-0-tc2/target:/opt/rustwide/target:rw,Z" "-v" "/var/lib/crater-agent-workspace/builds/worker-0-tc2/source:/opt/rustwide/workdir:ro,Z" "-v" "/var/lib/crater-agent-workspace/cargo-home:/opt/rustwide/cargo-home:ro,Z" "-v" "/var/lib/crater-agent-workspace/rustup-home:/opt/rustwide/rustup-home:ro,Z" "-e" "SOURCE_DIR=/opt/rustwide/workdir" "-e" "CARGO_TARGET_DIR=/opt/rustwide/target" "-e" "CARGO_INCREMENTAL=0" "-e" "RUST_BACKTRACE=full" "-e" "RUSTFLAGS=--cap-lints=forbid" "-e" "RUSTDOCFLAGS=--cap-lints=forbid" "-e" "CARGO_HOME=/opt/rustwide/cargo-home" "-e" "RUSTUP_HOME=/opt/rustwide/rustup-home" "-w" "/opt/rustwide/workdir" "-m" "1610612736" "--user" "0:0" "--network" "none" "ghcr.io/rust-lang/crates-build-env/linux@sha256:19e73879b68f455e41552ea35293514db52ea292d993f571636dbffedb77a1ee" "/opt/rustwide/cargo-home/bin/cargo" "+e6e4f7ed1589e03bc2f6c5931c1a72e7947e8682" "check" "--frozen" "--all" "--all-targets" "--message-format=json", kill_on_drop: false }`
[INFO] [stdout] 2da96a7228cd7751addb0f45db511b81d841cb87703b2be4f9138382322ce187
[INFO] running `Command { std: "docker" "start" "-a" "2da96a7228cd7751addb0f45db511b81d841cb87703b2be4f9138382322ce187", kill_on_drop: false }`
[INFO] [stderr]    Compiling libc v0.2.141
[INFO] [stderr]    Compiling proc-macro2 v1.0.56
[INFO] [stderr]    Compiling unicode-ident v1.0.8
[INFO] [stderr]    Compiling quote v1.0.26
[INFO] [stderr]    Compiling syn v1.0.91
[INFO] [stderr]    Compiling log v0.4.16
[INFO] [stderr]    Compiling parking_lot_core v0.9.2
[INFO] [stderr]    Compiling futures-util v0.3.21
[INFO] [stderr]     Checking tracing-core v0.1.25
[INFO] [stderr]    Compiling rustversion v1.0.12
[INFO] [stderr]    Compiling ring v0.16.20
[INFO] [stderr]    Compiling indexmap v1.8.1
[INFO] [stderr]    Compiling futures-channel v0.3.21
[INFO] [stderr]     Checking http v0.2.9
[INFO] [stderr]    Compiling async-trait v0.1.68
[INFO] [stderr]     Checking signal-hook-registry v1.4.0
[INFO] [stderr]     Checking mio v0.8.2
[INFO] [stderr]     Checking num_cpus v1.13.1
[INFO] [stderr]     Checking socket2 v0.4.9
[INFO] [stderr]     Checking getrandom v0.2.6
[INFO] [stderr]     Checking parking_lot v0.12.0
[INFO] [stderr]     Checking rand_core v0.6.3
[INFO] [stderr]     Checking rand_chacha v0.3.1
[INFO] [stderr]    Compiling syn v2.0.15
[INFO] [stderr]     Checking rand v0.8.5
[INFO] [stderr]     Checking untrusted v0.7.1
[INFO] [stderr]     Checking spin v0.5.2
[INFO] [stderr]     Checking tinyvec v1.5.1
[INFO] [stderr]     Checking http-body v0.4.5
[INFO] [stderr]     Checking want v0.3.0
[INFO] [stderr]    Compiling axum-core v0.3.4
[INFO] [stderr]     Checking unicode-bidi v0.3.7
[INFO] [stderr]     Checking tower-layer v0.3.2
[INFO] [stderr]    Compiling rustls v0.21.0
[INFO] [stderr]     Checking quick-error v1.2.3
[INFO] [stderr]    Compiling serde v1.0.136
[INFO] [stderr]    Compiling axum v0.6.15
[INFO] [stderr]     Checking match_cfg v0.1.0
[INFO] [stderr]     Checking hostname v0.3.1
[INFO] [stderr]    Compiling num-traits v0.2.14
[INFO] [stderr]     Checking linked-hash-map v0.5.4
[INFO] [stderr]     Checking ipnet v2.4.0
[INFO] [stderr]     Checking matchit v0.7.0
[INFO] [stderr]     Checking data-encoding v2.3.2
[INFO] [stderr]     Checking remove_dir_all v0.5.3
[INFO] [stderr]     Checking unicode-normalization v0.1.19
[INFO] [stderr]     Checking sync_wrapper v0.1.1
[INFO] [stderr]     Checking tempfile v3.3.0
[INFO] [stderr]     Checking rustls-pemfile v1.0.0
[INFO] [stderr]     Checking lru-cache v0.1.2
[INFO] [stderr]     Checking resolv-conf v0.7.0
[INFO] [stderr]     Checking wait-timeout v0.2.0
[INFO] [stderr]     Checking prost v0.11.9
[INFO] [stderr]     Checking base64 v0.21.0
[INFO] [stderr]     Checking rusty-fork v0.3.0
[INFO] [stderr]     Checking rand_xorshift v0.3.0
[INFO] [stderr]     Checking quick-error v2.0.1
[INFO] [stderr]     Checking byteorder v1.4.3
[INFO] [stderr]     Checking idna v0.2.3
[INFO] [stderr]     Checking proptest v1.0.0
[INFO] [stderr]     Checking url v2.2.2
[INFO] [stderr]     Checking sct v0.7.0
[INFO] [stderr]     Checking rustls-webpki v0.100.1
[INFO] [stderr]    Compiling tokio-macros v1.7.0
[INFO] [stderr]    Compiling tracing-attributes v0.1.20
[INFO] [stderr]    Compiling pin-project-internal v1.0.12
[INFO] [stderr]    Compiling thiserror-impl v1.0.30
[INFO] [stderr]    Compiling async-stream-impl v0.3.3
[INFO] [stderr]    Compiling enum-as-inner v0.5.1
[INFO] [stderr]     Checking async-stream v0.3.3
[INFO] [stderr]     Checking tokio v1.17.0
[INFO] [stderr]     Checking pin-project v1.0.12
[INFO] [stderr]     Checking thiserror v1.0.30
[INFO] [stderr]     Checking tracing v0.1.33
[INFO] [stderr]     Checking tokio-util v0.7.1
[INFO] [stderr]     Checking tokio-io-timeout v1.2.0
[INFO] [stderr]     Checking trust-dns-proto v0.22.0
[INFO] [stderr]     Checking tokio-stream v0.1.8
[INFO] [stderr]     Checking tokio-rustls v0.24.0
[INFO] [stderr]     Checking h2 v0.3.18
[INFO] [stderr]     Checking tower v0.4.13
[INFO] [stderr]     Checking trust-dns-resolver v0.22.0
[INFO] [stderr]     Checking hyper v0.14.26
[INFO] [stderr]     Checking hyper-timeout v0.4.1
[INFO] [stderr]     Checking tonic v0.9.2
[INFO] [stderr]     Checking ginepro v0.6.0 (/opt/rustwide/workdir)
[INFO] [stdout] error[E0433]: failed to resolve: use of undeclared crate or module `shared_proto`
[INFO] [stdout]  --> examples/resolution_strategy.rs:7:5
[INFO] [stdout]   |
[INFO] [stdout] 7 | use shared_proto::pb::{echo_client::EchoClient, EchoRequest};
[INFO] [stdout]   |     ^^^^^^^^^^^^ use of undeclared crate or module `shared_proto`
[INFO] [stdout] 
[INFO] [stdout] 
[INFO] [stdout] error[E0433]: failed to resolve: use of undeclared crate or module `shared_proto`
[INFO] [stdout]  --> examples/client_tls.rs:5:5
[INFO] [stdout]   |
[INFO] [stdout] 5 | use shared_proto::pb::echo_client::EchoClient;
[INFO] [stdout]   |     ^^^^^^^^^^^^ use of undeclared crate or module `shared_proto`
[INFO] [stdout] 
[INFO] [stdout] 
[INFO] [stdout] error[E0433]: failed to resolve: use of undeclared crate or module `shared_proto`
[INFO] [stdout]  --> examples/client_tls.rs:6:5
[INFO] [stdout]   |
[INFO] [stdout] 6 | use shared_proto::pb::EchoRequest;
[INFO] [stdout]   |     ^^^^^^^^^^^^ use of undeclared crate or module `shared_proto`
[INFO] [stdout] 
[INFO] [stdout] 
[INFO] [stdout] error[E0433]: failed to resolve: use of undeclared crate or module `tests`
[INFO] [stdout]  --> examples/client_tls.rs:7:5
[INFO] [stdout]   |
[INFO] [stdout] 7 | use tests::tls::TestSslCertificate;
[INFO] [stdout]   |     ^^^^^ use of undeclared crate or module `tests`
[INFO] [stdout] 
[INFO] [stdout] 
[INFO] [stdout] error[E0433]: failed to resolve: use of undeclared crate or module `shared_proto`
[INFO] [stdout]  --> examples/client.rs:4:5
[INFO] [stdout]   |
[INFO] [stdout] 4 | use shared_proto::pb::{echo_client::EchoClient, EchoRequest};
[INFO] [stdout]   |     ^^^^^^^^^^^^ use of undeclared crate or module `shared_proto`
[INFO] [stdout] 
[INFO] [stdout] 
[INFO] [stdout] error: aborting due to previous error
[INFO] [stdout] 
[INFO] [stdout] 
[INFO] [stdout] For more information about this error, try `rustc --explain E0433`.
[INFO] [stdout] 
[INFO] [stderr] error: could not compile `ginepro` (example "resolution_strategy") due to 2 previous errors
[INFO] [stderr] warning: build failed, waiting for other jobs to finish...
[INFO] [stdout] error: aborting due to 3 previous errors
[INFO] [stdout] 
[INFO] [stdout] 
[INFO] [stdout] For more information about this error, try `rustc --explain E0433`.
[INFO] [stdout] 
[INFO] [stdout] error: aborting due to previous error
[INFO] [stdout] 
[INFO] [stdout] 
[INFO] [stderr] error: could not compile `ginepro` (example "client_tls") due to 4 previous errors
[INFO] [stdout] For more information about this error, try `rustc --explain E0433`.
[INFO] [stdout] 
[INFO] [stderr] error: could not compile `ginepro` (example "client") due to 2 previous errors
[INFO] running `Command { std: "docker" "inspect" "2da96a7228cd7751addb0f45db511b81d841cb87703b2be4f9138382322ce187", kill_on_drop: false }`
[INFO] running `Command { std: "docker" "rm" "-f" "2da96a7228cd7751addb0f45db511b81d841cb87703b2be4f9138382322ce187", kill_on_drop: false }`
[INFO] [stdout] 2da96a7228cd7751addb0f45db511b81d841cb87703b2be4f9138382322ce187
